p = 69. Suppose -4*i + 14 = 2*l, -5*i + 15 = -0. Let r be l/2 + g/2. What is the highest common divisor of r and 15?
3
Let z(h) = -2*h - 2. Let m be z(-5). Suppose -2 - 3 = -5*w. Let s be ((-1)/w)/(2/(-4)). What is the greatest common factor of s and m?
2
Let i be (-22)/(-4) + 2/(-4). Suppose -5*s + 45 = i*y, -1 - 15 = 4*y. Let o(g) = -g**2 - g + 143. Let n be o(0). What is the highest common divisor of s and n?
13
Let o = -5 + 8. Suppose s = o*s. Suppose s = -3*i + 203 + 28. Calculate the highest common factor of 11 and i.
11
Let h be (36/(-14))/(24/(-224)). What is the highest common factor of h and 3?
3
Suppose 2*c = -2*n + 6*n - 40, 5*n - 56 = c. What is the highest common factor of n and 12?
12
Suppose 2*x = 4, 3*r + x + 0*x = 74. What is the greatest common factor of r and 3?
3
Let x be 18/54*-3*-1*17. What is the highest common factor of 102 and x?
17
Let x(h) = -h**2 + 4*h - 2. Let w be x(4). Let i be (w + 184)/2 + -3. Calculate the greatest common factor of 8 and i.
8
Let a be (2 - (1 + 2))*-3. Suppose -45 = -a*n + 99. Suppose -4*b + 2*x + 74 = 0, -3*x = -5*b - 2*x + 85. Calculate the greatest common divisor of n and b.
16
Suppose 333 = -4*n + 917. Suppose s = -0*s - 56. Let g = n + s. What is the highest common factor of 36 and g?
18
Let s = 13 + -8. Let h be 539/s - 3/(-15). Let u(j) = 4*j. Let z be u(3). What is the greatest common divisor of z and h?
12
Suppose k = -10 - 296. Let r = -126 - k. Calculate the highest common factor of 20 and r.
20
Suppose 37*s - 42*s + 85 = 0. What is the greatest common factor of 187 and s?
17
Suppose 4*z - 5 = -z. Suppose 2*d + 5*f - 37 = -0*d, 4*f = 3*d - 21. Calculate the highest common divisor of z and d.
1
Let f(c) = -11*c - 7. Let u be f(-5). Suppose 15 = g - u. What is the highest common divisor of g and 9?
9
Let c(s) be the first derivative of 9*s**4/4 + s**3/3 - s**2 + 1. Let m be c(2). What is the greatest common factor of 18 and m?
18
Let u = -9 + 63. What is the highest common divisor of 486 and u?
54
Suppose 5*z - 2*l = 90, 5*l + 24 = 5*z - 66. Let s = z + 17. Calculate the highest common factor of 7 and s.
7
Let w be (-1337)/(-3) - 1/(-3). Suppose -5*a - 66 + w = 0. Let v = a + -43. Calculate the greatest common factor of v and 11.
11
Suppose -1 = -4*v + 3, -4 = -o - v. Let s = -2 + 6. Let p be ((-15)/(-6) - 2)*s. What is the highest common divisor of o and p?
1
Suppose -s + 37 = 13. Calculate the highest common factor of s and 36.
12
Suppose r = 4*u + 3*r - 168, 3*u - 126 = 2*r. Suppose -4*b = 5*z - 89, b - 100 = -4*z + 5*b. Calculate the greatest common factor of u and z.
21
Let o be (8/(-2)*1)/(-2). Let k be o*(-42)/(-4) + 2. What is the greatest common factor of 92 and k?
23
Let v be -2*(20/8)/(-1). Let q(x) = 2*x**2 + 4*x - 8. Let a be q(-6). What is the highest common factor of a and v?
5
Let x = -13 + 19. Suppose x*g + 3*n = 4*g + 11, -g + 2 = 5*n. Suppose -5*f + 44 = t, 2*t - 2*f = 4*t - 96. Calculate the highest common factor of t and g.
7
Let j = -4 - -6. Let l be 1/2*(j - 2). Suppose l*d + 180 = 5*d. What is the greatest common divisor of d and 9?
9
Let o be (384/2)/2 + (-1 - 0). Calculate the highest common factor of o and 19.
19
Let b = -399 - -591. Let h be b/20 + 6/(-10). What is the highest common divisor of 1 and h?
1
Let n be -1 + (-8)/(-12) + (-361)/(-3). Calculate the highest common divisor of 24 and n.
24
Let z = -53 + 68. Calculate the highest common factor of z and 45.
15
Let x = 14 - -5. What is the greatest common factor of 95 and x?
19
Let h be 7 + 1 + 8/(-4). Let g(c) be the first derivative of c**3 + c**2 - 2*c - 1. Let d be g(-2). What is the highest common factor of h and d?
6
Let q be -1 - 10/(-2) - (-2 + 1). Calculate the greatest common divisor of 40 and q.
5
Suppose -j + 2*j + 3*g = -7, 5*j + 4*g - 9 = 0. Suppose -r = 2*l - j*l - 38, -5*r + 142 = -3*l. Calculate the highest common factor of r and 65.
13
Let y = -15 - -17. Calculate the highest common factor of 14 and y.
2
Suppose -w - 3*b = 3*w - 112, -b = 0. What is the greatest common divisor of 140 and w?
28
Let k = 203 - 143. Suppose -3*q + 10 = -5. Suppose 112 = q*p + 37. What is the greatest common factor of k and p?
15
Let l = 10 + -5. Suppose 4*w - 5*f = -f + 132, 4*w + l*f = 87. What is the highest common factor of w and 42?
14
Suppose 198*s - 475 = 193*s. What is the highest common divisor of s and 19?
19
Let x be (-426)/(-27) - (-2)/9. What is the highest common factor of 144 and x?
16
Let v = 18 + -15. Suppose -4*u + 47 + 49 = 0. Calculate the greatest common factor of u and v.
3
Let n = 10 - 16. Let q(v) = -2*v - 7. Let l be q(n). What is the highest common factor of l and 10?
5
Let p(y) = y**3 - y**2. Let q be p(2). Suppose q*z + 116 - 432 = 0. Suppose -f + 1 = -z. What is the highest common factor of 16 and f?
16
Suppose -57 = -3*b + 303. What is the highest common factor of b and 24?
24
Let q(u) = -10*u**3 + 3*u**2 - 1. Let y be q(-2). What is the greatest common factor of 13 and y?
13
Suppose 3*g - 9 - 9 = 0. Suppose 5*t - 160 = 2*w, -5*t - 3*w + 130 = w. Calculate the highest common factor of g and t.
6
Suppose 4 = -2*j - 16. Let i be (-27)/2*j/3. What is the highest common divisor of i and 18?
9
Let l be ((-10)/3)/((-3)/(-9)). Let y be (-258)/l - (-2)/10. Let v = y + -18. What is the highest common factor of v and 12?
4
Let r(s) = s**2 - 13. Let v be r(0). Let d = 21 + v. Calculate the highest common factor of d and 12.
4
Suppose 2*s = 4*c - 262, 4*s + 20 = -0*s. What is the greatest common divisor of c and 21?
21
Suppose 20 = 2*y - 7*y. Let g be (36/(-10))/(y/10). Calculate the highest common divisor of 9 and g.
9
Let v(z) = -z**2 - 10*z + 8. Let m be v(-10). Calculate the greatest common factor of 8 and m.
8
Let k = 2 - -13. Calculate the highest common divisor of k and 165.
15
Let g be (-39)/(-13) - -1*2*2. Calculate the highest common factor of 98 and g.
7
Suppose -2*h = m - 0*h - 41, -5*h - 25 = 0. Let g = m - 35. What is the highest common divisor of 112 and g?
16
Let f be 8*((-30)/8)/(-1). Suppose -17*j + 264 = 5*j. Calculate the highest common factor of f and j.
6
Let w be 0 + 7 + 5/5. Let i be -1*3*w/6. Let m be (i/3)/((-2)/9). Calculate the greatest common factor of m and 9.
3
Suppose 0 = -3*s + 5*s - 24. What is the highest common divisor of s and 8?
4
Suppose -233 + 23 = -3*x. What is the greatest common factor of x and 7?
7
Let z = 24 + -8. Calculate the highest common factor of z and 80.
16
Suppose 4*w = 5*m + 10 - 675, -3*m = -2*w - 331. Let c = 313 + w. Calculate the greatest common divisor of c and 13.
13
Suppose -260 = 11*j - 15*j. Calculate the highest common factor of 39 and j.
13
Suppose t = -0*t + 4. Let f(w) = -w**2 + 3*w + 2. Let n be f(2). What is the greatest common divisor of t and n?
4
Let c(j) = -8*j + 14. Let v be c(-10). Let d = -44 + v. Calculate the highest common divisor of 20 and d.
10
Let h be (4 - -4)/(((-10)/(-12))/5). What is the greatest common factor of 36 and h?
12
Let w(d) be the second derivative of d**5/20 - d**4/2 + d**3/3 + 2*d**2 - 2*d. Let k be w(6). Let n = -30 + 70. Calculate the highest common factor of k and n.
8
Suppose -m + 6*m = 35. What is the greatest common factor of 7 and m?
7
Let v(k) = k + 7. Let p be v(-4). Let r = 24 - 36. Let c = 33 + r. What is the highest common divisor of p and c?
3
Let r be (-24)/60 - (-352)/5. Suppose 2*t - r = -4*q, -q + 3 = -2*t - 7. What is the greatest common factor of q and 144?
16
Let i(b) = b**2 + 11*b + 3. Let t be i(-6). Let r = t + 44. What is the highest common divisor of r and 17?
17
Suppose -4*q + 0*q = 16, l = -4*q - 6. Let f(p) = 2 + 0 - 11*p - 28*p. Let t be f(-2). Calculate the highest common divisor of l and t.
10
Suppose -4*z + 12 = q, 0 = 5*q - 3*z - 26 - 11. Let m = q - 6. Calculate the greatest common factor of 2 and m.
2
Let h be (24/20)/((-6)/(-220)). Suppose 0 = o - 5*o + 440. Calculate the highest common divisor of o and h.
22
Suppose -2*a = 3*a. Suppose -4*x = 3*p - 41 - 0, p + 5 = a. What is the highest common divisor of x and 70?
14
Let j(c) = -c**2 - 4*c + 1. Let f be j(-3). Let x be 51/12 - 1/f. Suppose -x*s + 5*s - 4 = 0. What is the greatest common factor of s and 10?
2
Let z = -6 + 26. Suppose -4*u + z = 0, -18 = -2*a - u + 71. Calculate the greatest common fa